{"id":85,"date":"2020-11-17T14:32:50","date_gmt":"2020-11-17T13:32:50","guid":{"rendered":"http:\/\/www.preprod.ibs.bzh\/www\/?page_id=85"},"modified":"2021-02-11T15:04:15","modified_gmt":"2021-02-11T14:04:15","slug":"messagerie","status":"publish","type":"page","link":"https:\/\/www.preprod.ibs.bzh\/www\/messagerie\/","title":{"rendered":"Messagerie"},"content":{"rendered":"\n\t<section class=\"section\" id=\"section_39571188\">\n\t\t<div class=\"bg section-bg fill bg-fill  bg-loaded\" >\n\n\t\t\t\n\t\t\t\n\t\t\t\n\n\t\t<\/div>\n\n\t\t<div class=\"section-content relative\">\n\t\t\t\n\n\n  <div class=\"banner has-hover\" id=\"banner-32160841\">\n          <div class=\"banner-inner fill\">\n        <div class=\"banner-bg fill\" >\n            <div class=\"bg fill bg-fill \"><\/div>\n                                    \n                    <\/div>\n        <div class=\"banner-layers container\">\n            <div class=\"fill banner-link\"><\/div>            \n\n   <div id=\"text-box-1852262359\" class=\"text-box banner-layer x95 md-x95 lg-x95 y85 md-y85 lg-y85 res-text\">\n                                <div class=\"text dark\">\n              \n              <div class=\"text-inner text-center\">\n                  \n\n<h2 style=\"text-align: center;\">MESSAGERIE<\/h2>\n\n              <\/div>\n           <\/div>\n                            \n<style>\n#text-box-1852262359 {\n  width: 86%;\n}\n#text-box-1852262359 .text {\n  font-size: 100%;\n}\n<\/style>\n    <\/div>\n \n\n        <\/div>\n      <\/div>\n\n            \n<style>\n#banner-32160841 {\n  padding-top: 245px;\n}\n#banner-32160841 .bg.bg-loaded {\n  background-image: url(https:\/\/www.preprod.ibs.bzh\/www\/wp-content\/uploads\/2021\/02\/reseau-ibs-informatique-1024x341.jpg);\n}\n<\/style>\n  <\/div>\n\n\n<div class=\"row row-collapse row-full-width align-middle\"  id=\"row-1459841632\">\n\n\n\t<div id=\"col-1000278259\" class=\"col medium-12 small-12 large-6\"  >\n\t\t<div class=\"col-inner\"  >\n\t\t\t\n\t\t\t\n\n<div class=\"row\"  id=\"row-947492583\">\n\n\n\t<div id=\"col-1245734023\" class=\"col small-12 large-12\"  >\n\t\t<div class=\"col-inner\"  >\n\t\t\t\n\t\t\t\n\n<div class=\"text-center\"><div class=\"is-divider divider clearfix\" style=\"margin-top:10px;margin-bottom:10px;max-width:336px;background-color:rgb(111, 166, 212);\"><\/div><\/div>\n\n<h3>Accessibilit\u00e9 de vos E-mails<\/h3>\n<p class=\"white col-l-10 col-l-center\">Vos E-mails accessibles partout et quel que soit le device (ordinateur, smartphone), sur votre navigateur ou votre client de messagerie. Une messagerie disponible \u00e0 99,99%<\/p>\n<h3>S\u00e9curit\u00e9 des donn\u00e9es<\/h3>\n<p class=\"white col-l-10 col-l-center\">Vos donn\u00e9es sont prot\u00e9g\u00e9es et h\u00e9berg\u00e9es en France dans nos propres Datacentres<br \/>Nous effectuons des sauvegardes quotidiennes. Nous g\u00e9rons les mises \u00e0 jours de l\u2019infrastructure et des licences Exchange. Nous g\u00e9rons les briques essentielles de s\u00e9curit\u00e9 (Anti-spam, anti-Ddos\u2026)<\/p>\n<div class=\"text-center\"><div class=\"is-divider divider clearfix\" style=\"margin-top:10px;margin-bottom:10px;max-width:336px;background-color:rgb(111, 166, 212);\"><\/div><\/div>\n\n\n\t\t<\/div>\n\t\t\n<style>\n#col-1245734023 > .col-inner {\n  padding: 0px 0px 0px 0px;\n  margin: 0 0px 0px 0px;\n}\n@media (min-width:550px) {\n  #col-1245734023 > .col-inner {\n    margin: -111px 0px -96px 0px;\n  }\n}\n<\/style>\n\t<\/div>\n\n\t\n\n\n<style>\n#row-947492583 > .col > .col-inner {\n  padding: 5% 5% 5% 5%;\n}\n@media (min-width:550px) {\n  #row-947492583 > .col > .col-inner {\n    padding: 10% 10% 10% 10%;\n  }\n}\n@media (min-width:850px) {\n  #row-947492583 > .col > .col-inner {\n    padding: 15% 15% 15% 15%;\n  }\n}\n<\/style>\n<\/div>\n\n\t\t<\/div>\n\t\t\t<\/div>\n\n\t\n\n\t<div id=\"col-1292761431\" class=\"col medium-12 small-12 large-6\"  >\n\t\t<div class=\"col-inner\"  >\n\t\t\t\n\t\t\t\n\n\n  <div class=\"banner has-hover\" id=\"banner-657450573\">\n          <div class=\"banner-inner fill\">\n        <div class=\"banner-bg fill\" >\n            <div class=\"bg fill bg-fill \"><\/div>\n                                    \n                    <\/div>\n        <div class=\"banner-layers container\">\n            <div class=\"fill banner-link\"><\/div>            \n\n\n        <\/div>\n      <\/div>\n\n            \n<style>\n#banner-657450573 {\n  padding-top: 50%;\n}\n#banner-657450573 .bg.bg-loaded {\n  background-image: url(https:\/\/www.preprod.ibs.bzh\/www\/wp-content\/uploads\/2021\/02\/mail-ibs-informatique-1024x678.jpg);\n}\n@media (min-width:850px) {\n  #banner-657450573 {\n    padding-top: 68%;\n  }\n}\n<\/style>\n  <\/div>\n\n\n\n\t\t<\/div>\n\t\t\t<\/div>\n\n\t\n\n<\/div>\n\n\t\t<\/div>\n\n\t\t\n<style>\n#section_39571188 {\n  padding-top: 0px;\n  padding-bottom: 0px;\n}\n<\/style>\n\t<\/section>\n\t\n\t<section class=\"section\" id=\"section_388173815\">\n\t\t<div class=\"bg section-bg fill bg-fill  bg-loaded\" >\n\n\t\t\t\n\t\t\t\n\t\t\t\n\n\t\t<\/div>\n\n\t\t<div class=\"section-content relative\">\n\t\t\t\n\n<div class=\"row row-collapse row-full-width\"  id=\"row-748694774\">\n\n\n\t<div id=\"col-1208796998\" class=\"col medium-4 small-12 large-4\"  >\n\t\t<div class=\"col-inner\"  >\n\t\t\t\n\t\t\t\n\n\t<div class=\"box has-hover   has-hover box-shade dark box-text-bottom\" >\n\n\t\t<div class=\"box-image\" >\n\t\t\t\t\t\t<div class=\"image-overlay-add image-cover\" style=\"padding-top:120%;\">\n\t\t\t\t<img width=\"1200\" height=\"797\" src=\"https:\/\/www.preprod.ibs.bzh\/www\/wp-content\/uploads\/2021\/01\/ibs-informatique-hebergement-quimper.jpg\" class=\"attachment- size-\" alt=\"\" loading=\"lazy\" srcset=\"https:\/\/www.preprod.ibs.bzh\/www\/wp-content\/uploads\/2021\/01\/ibs-informatique-hebergement-quimper.jpg 1200w, https:\/\/www.preprod.ibs.bzh\/www\/wp-content\/uploads\/2021\/01\/ibs-informatique-hebergement-quimper-300x199.jpg 300w, https:\/\/www.preprod.ibs.bzh\/www\/wp-content\/uploads\/2021\/01\/ibs-informatique-hebergement-quimper-1024x680.jpg 1024w, https:\/\/www.preprod.ibs.bzh\/www\/wp-content\/uploads\/2021\/01\/ibs-informatique-hebergement-quimper-768x510.jpg 768w\" sizes=\"(max-width: 1200px) 100vw, 1200px\" \/>\t\t\t\t<div class=\"overlay\" style=\"background-color:rgba(0, 0, 0, 0.5)\"><\/div>\t\t\t\t<div class=\"shade\"><\/div>\t\t\t<\/div>\n\t\t\t\t\t<\/div>\n\n\t\t<div class=\"box-text text-left is-large\" style=\"padding:0px 40px 40px 40px;\">\n\t\t\t<div class=\"box-text-inner\">\n\t\t\t\t\n\n<h2>Texte contenu<\/h2>\n\n\t\t\t<\/div>\n\t\t<\/div>\n\t<\/div>\n\t\n\n\t\t<\/div>\n\t\t\t<\/div>\n\n\t\n\n\t<div id=\"col-1922006937\" class=\"col medium-4 small-12 large-4\"  >\n\t\t<div class=\"col-inner\"  >\n\t\t\t\n\t\t\t\n\n\t<div class=\"box has-hover   has-hover box-shade dark box-text-bottom\" >\n\n\t\t<div class=\"box-image\" >\n\t\t\t\t\t\t<div class=\"image-overlay-add image-cover\" style=\"padding-top:120%;\">\n\t\t\t\t<img width=\"800\" height=\"1207\" src=\"https:\/\/www.preprod.ibs.bzh\/www\/wp-content\/uploads\/2021\/02\/siyan-peng-HxUemC8YhKQ-unsplash-edited.jpg\" class=\"attachment- size-\" alt=\"\" loading=\"lazy\" srcset=\"https:\/\/www.preprod.ibs.bzh\/www\/wp-content\/uploads\/2021\/02\/siyan-peng-HxUemC8YhKQ-unsplash-edited.jpg 800w, https:\/\/www.preprod.ibs.bzh\/www\/wp-content\/uploads\/2021\/02\/siyan-peng-HxUemC8YhKQ-unsplash-edited-199x300.jpg 199w, https:\/\/www.preprod.ibs.bzh\/www\/wp-content\/uploads\/2021\/02\/siyan-peng-HxUemC8YhKQ-unsplash-edited-679x1024.jpg 679w, https:\/\/www.preprod.ibs.bzh\/www\/wp-content\/uploads\/2021\/02\/siyan-peng-HxUemC8YhKQ-unsplash-edited-768x1159.jpg 768w\" sizes=\"(max-width: 800px) 100vw, 800px\" \/>\t\t\t\t<div class=\"overlay\" style=\"background-color:rgba(0, 0, 0, 0.5)\"><\/div>\t\t\t\t<div class=\"shade\"><\/div>\t\t\t<\/div>\n\t\t\t\t\t<\/div>\n\n\t\t<div class=\"box-text text-left is-large\" style=\"padding:0px 40px 40px 40px;\">\n\t\t\t<div class=\"box-text-inner\">\n\t\t\t\t\n\n<h2>Texte contenu<\/h2>\n\n\t\t\t<\/div>\n\t\t<\/div>\n\t<\/div>\n\t\n\n\t\t<\/div>\n\t\t\t<\/div>\n\n\t\n\n\t<div id=\"col-982249388\" class=\"col medium-4 small-12 large-4\"  >\n\t\t<div class=\"col-inner\"  >\n\t\t\t\n\t\t\t\n\n\t<div class=\"box has-hover   has-hover box-shade dark box-text-bottom\" >\n\n\t\t<div class=\"box-image\" >\n\t\t\t\t\t\t<div class=\"image-overlay-add image-cover\" style=\"padding-top:120%;\">\n\t\t\t\t<img width=\"800\" height=\"1058\" src=\"https:\/\/www.preprod.ibs.bzh\/www\/wp-content\/uploads\/2021\/02\/patrick-schopflin-BnlNjW3AQZ0-unsplash-edited.jpg\" class=\"attachment- size-\" alt=\"\" loading=\"lazy\" srcset=\"https:\/\/www.preprod.ibs.bzh\/www\/wp-content\/uploads\/2021\/02\/patrick-schopflin-BnlNjW3AQZ0-unsplash-edited.jpg 800w, https:\/\/www.preprod.ibs.bzh\/www\/wp-content\/uploads\/2021\/02\/patrick-schopflin-BnlNjW3AQZ0-unsplash-edited-227x300.jpg 227w, https:\/\/www.preprod.ibs.bzh\/www\/wp-content\/uploads\/2021\/02\/patrick-schopflin-BnlNjW3AQZ0-unsplash-edited-774x1024.jpg 774w, https:\/\/www.preprod.ibs.bzh\/www\/wp-content\/uploads\/2021\/02\/patrick-schopflin-BnlNjW3AQZ0-unsplash-edited-768x1016.jpg 768w\" sizes=\"(max-width: 800px) 100vw, 800px\" \/>\t\t\t\t<div class=\"overlay\" style=\"background-color:rgba(0, 0, 0, 0.5)\"><\/div>\t\t\t\t<div class=\"shade\"><\/div>\t\t\t<\/div>\n\t\t\t\t\t<\/div>\n\n\t\t<div class=\"box-text text-left is-large\" style=\"padding:0px 40px 40px 40px;\">\n\t\t\t<div class=\"box-text-inner\">\n\t\t\t\t\n\n<h2>Texte contenu<\/h2>\n\n\t\t\t<\/div>\n\t\t<\/div>\n\t<\/div>\n\t\n\n\t\t<\/div>\n\t\t\t<\/div>\n\n\t\n\n<\/div>\n\n\t\t<\/div>\n\n\t\t\n<style>\n#section_388173815 {\n  padding-top: 0px;\n  padding-bottom: 0px;\n}\n<\/style>\n\t<\/section>\n\t\n\n","protected":false},"excerpt":{"rendered":"","protected":false},"author":2,"featured_media":0,"parent":0,"menu_order":0,"comment_status":"closed","ping_status":"closed","template":"page-blank.php","meta":[],"_links":{"self":[{"href":"https:\/\/www.preprod.ibs.bzh\/www\/wp-json\/wp\/v2\/pages\/85"}],"collection":[{"href":"https:\/\/www.preprod.ibs.bzh\/www\/wp-json\/wp\/v2\/pages"}],"about":[{"href":"https:\/\/www.preprod.ibs.bzh\/www\/wp-json\/wp\/v2\/types\/page"}],"author":[{"embeddable":true,"href":"https:\/\/www.preprod.ibs.bzh\/www\/wp-json\/wp\/v2\/users\/2"}],"replies":[{"embeddable":true,"href":"https:\/\/www.preprod.ibs.bzh\/www\/wp-json\/wp\/v2\/comments?post=85"}],"version-history":[{"count":6,"href":"https:\/\/www.preprod.ibs.bzh\/www\/wp-json\/wp\/v2\/pages\/85\/revisions"}],"predecessor-version":[{"id":893,"href":"https:\/\/www.preprod.ibs.bzh\/www\/wp-json\/wp\/v2\/pages\/85\/revisions\/893"}],"wp:attachment":[{"href":"https:\/\/www.preprod.ibs.bzh\/www\/wp-json\/wp\/v2\/media?parent=85"}],"curies":[{"name":"wp","href":"https:\/\/api.w.org\/{rel}","templated":true}]}}